 1367 a factor of 404329893?
True
Does 1221 divide 5470080?
True
Is 756 a factor of 691410384?
True
Is 700422 a multiple of 558?
False
Does 23 divide 6987366926?
True
Does 51 divide 87339795?
True
Is 146001900 a multiple of 660?
True
Does 14 divide 39148536?
True
Does 627 divide 970545840?
True
Is 454493168 a multiple of 8?
True
Is 2058701616 a multiple of 388?
True
Is 3 a factor of 5666025?
True
Is 22442727 a multiple of 54?
False
Is 1293 a factor of 625350399?
True
Is 25 a factor of 24543143?
False
Is 964 a factor of 51067900?
True
Is 5648070240 a multiple of 9?
True
Is 8 a factor of 1543712?
True
Is 879309380 a multiple of 233?
True
Is 570074690 a multiple of 352?
False
Is 45 a factor of 238997672?
False
Is 306 a factor of 92026464?
False
Is 139 a factor of 40350310?
True
Is 155966725 a multiple of 5?
True
Is 1639 a factor of 130374941?
False
Does 9 divide 215883522?
True
Does 7 divide 24625114?
False
Is 5 a factor of 46916055?
True
Is 1285 a factor of 159462416?
False
Is 2 a factor of 17432171?
False
Is 997 a factor of 123610054?
True
Does 111 divide 201739503?
True
Does 405 divide 68866533?
False
Is 66434834 a multiple of 363?
False
Does 1534 divide 114457575?
False
Is 44226010 a multiple of 681?
False
Is 37 a factor of 18392293?
True
Is 81689326 a multiple of 47?
False
Does 440 divide 184097760?
True
Does 89 divide 19537511?
False
Is 1067 a factor of 165641502?
False
Does 114 divide 356107730?
False
Is 43123173 a multiple of 339?
True
Is 5751737 a multiple of 7?
False
Is 3 a factor of 861788?
False
Is 7642 a factor of 1589704124?
True
Is 188391618 a multiple of 1257?
True
Does 5 divide 32653982?
False
Is 148625594 a multiple of 26?
True
Is 178628789 a multiple of 296?
False
Is 238364401 a multiple of 299?
False
Does 205 divide 1920440?
True
Does 94 divide 198806251?
False
Is 10823636 a multiple of 25?
False
Is 49927860 a multiple of 35?
False
Is 4566 a factor of 1752022862?
False
Does 2264 divide 42678664?
True
Is 4204432264 a multiple of 15?
False
Is 1356792516 a multiple of 54?
False
Is 44543699 a multiple of 1517?
False
Is 10933055 a multiple of 739?
False
Is 2313 a factor of 767317775?
False
Is 349 a factor of 10198478?
True
Is 244 a factor of 63890563?
False
Is 1166 a factor of 2653073258?
True
Is 903 a factor of 1080194842?
False
Is 6 a factor of 494373036?
True
Is 1199730766 a multiple of 34?
True
Is 590772364 a multiple of 364?
True
Does 4287 divide 1096353093?
True
Is 22 a factor of 10612404?
True
Is 135360180 a multiple of 4503?
True
Is 847502600 a multiple of 20?
True
Is 55214617 a multiple of 799?
False
Is 159741891 a multiple of 34?
False
Is 93711380 a multiple of 20?
True
Does 5 divide 6488380?
True
Is 325941524 a multiple of 1302?
False
Is 729425739 a multiple of 587?
False
Is 9134116 a multiple of 148?
True
Is 907 a factor of 316555698?
True
Is 655373558 a multiple of 426?
False
Is 5094752 a multiple of 26?
True
Is 651779496 a multiple of 684?
True
Is 1673 a factor of 1466317580?
True
Is 92737704 a multiple of 67?
False
Is 472 a factor of 2271050046?
False
Is 2893330368 a multiple of 1557?
False
Does 35 divide 619814125?
True
Does 68 divide 66663741?
False
Is 244159452 a multiple of 36?
True
Does 10 divide 26783970?
True
Does 729 divide 78542697?
False
Is 2812847 a multiple of 31?
True
Is 135 a factor of 1382027747?
False
Is 37 a factor of 38855402?
True
Does 157 divide 39084362?
False
Is 139 a factor of 512352188?
False
Is 91950240 a multiple of 16?
True
Is 213 a factor of 158278321?
False
Does 17 divide 16681437?
True
Does 21 divide 34151602?
False
Does 26 divide 4491232876?
True
Is 4 a factor of 393479495?
False
Does 32 divide 38241423?
False
Is 60 a factor of 214452600?
True
Is 2239699187 a multiple of 3281?
True
Is 134 a factor of 71471752?
False
Is 136 a factor of 1812572374?
False
Is 1333 a factor of 12816515?
False
Does 144 divide 159240178?
False
Is 336022436 a multiple of 944?
False
Is 28 a factor of 5382533814?
False
Does 692 divide 606067333?
False
Is 151452450 a multiple of 5218?
True
Is 330 a factor of 1820908475?
False
Is 239 a factor of 5690267386?
False
Does 1028 divide 247816579?
False
Is 79 a factor of 37908624?
True
Is 13 a factor of 52322980?
False
Is 2075582375 a multiple of 125?
True
Is 1495643424 a multiple of 22?
True
Is 89452319 a multiple of 3538?
False
Is 9 a factor of 104460526?
False
Is 1799 a factor of 2002787122?
True
Does 44 divide 3380361824?
False
Does 7 divide 39669263?
False
Does 43 divide 257080015?
True
Is 13 a factor of 298839047?
True
Does 46 divide 97282273?
False
Is 1380174741 a multiple of 2881?
True
Does 333 divide 6333327?
True
Is 40248806 a multiple of 154?
False
Does 73 divide 7838096594?
False
Is 17 a factor of 2179136602?
True
Is 653289765 a multiple of 1349?
False
Is 135 a factor of 321304082?
False
Is 141826624 a multiple of 91?
False
Is 28721980 a multiple of 161?
False
Is 48 a factor of 11511738?
False
Does 30 divide 7524300?
True
Is 127279612 a multiple of 3?
False
Is 79 a factor of 388076124?
True
Is 42572791 a multiple of 175?
False
Does 2423 divide 69418608?
False
Is 3 a factor of 127420838?
False
Is 107 a factor of 2805791022?
True
Does 1433 divide 135071714?
True
Is 1132711500 a multiple of 972?
False
Does 14 divide 6076879?
False
Is 621299448 a multiple of 24?
True
Does 4 divide 13375452?
True
Does 1026 divide 854125506?
True
Is 162 a factor of 46185552?
True
Is 248 a factor of 49529568?
True
Is 160039580 a multiple of 3994?
True
Is 152 a factor of 123379216?
False
Is 278069731 a multiple of 5820?
False
Does 1072 divide 893099211?
False
Does 2128 divide 362804848?
True
Is 140 a factor of 1241413567?
False
Is 727 a factor of 6455760?
True
Is 464 a factor of 1094840141?
False
Is 39 a factor of 1482177723?
True
Is 96 a factor of 1288446989?
False
Is 177606816 a multiple of 48?
True
Is 283 a factor of 60560185?
False
Does 78 divide 47186880?
True
Is 184789744 a multiple of 4?
True
Is 37363484 a multiple of 116?
True
Does 133 divide 1811154?
False
Does 85 divide 24817790?
True
Does 181 divide 478433861?
True
Does 1294 divide 126774488?
False
Does 655 divide 87851469?
False
Is 183115644 a multiple of 7?
False
Is 31501677 a multiple of 66?
False
Is 159352952 a multiple of 681?
False
Is 21 a factor of 11456372?
False
Does 551 divide 656896139?
True
Does 1293 divide 102935004?
False
Is 1051 a factor of 228146703?
False
Does 543 divide 24475903?
False
Does 28 divide 1608976768?
True
Does 155 divide 890311940?
True
Is 4794855 a multiple of 18?
False
Is 3 a factor of 8528942?
False
Does 132 divide 560062?
False
Does 1680 divide 264420240?
True
Is 1475 a factor of 1420166956?
False
Is 3306636 a multiple of 14?
False
Is 1542 a factor of 801622945?
False
Is 1680 a factor of 798740880?
True
Is 10 a factor of 2586880?
True
Is 280368414 a multiple of 12?
False
Does 3698 divide 24066915?
False
Is 18 a factor of 762339600?
True
Is 4228 a factor of 807063816?
False
Is 128 a factor of 11882240?
True
Is 49 a factor of 45097297?
True
Is 501959710 a multiple of 29?
False
Does 82 divide 491143756?
True
Is 1942 a factor of 543952258?
True
Is 4475630353 a multiple of 9546?
False
Is 18471311 a multiple of 177?
False
Does 4584 divide 57282313?
False
Is 4 a factor of 3418462?
False
Is 12736080 a multiple of 588?
True
Does 549 divide 761354847?
True
Does 622 divide 2171576?
False
Is 1631670370 a multiple of 590?
True
Is 10917732 a multiple of 18?
False
Does 323 divide 81407809?
False
Is 193812826 a multiple of 4657?
False
Does 10 divide 475738340?
True
Is 994655608 a multiple of 46?
True
Is 1351 a factor of 56315084?
True
Is 15878365 a multiple of 185?
True
Is 11388260 a multiple of 130?
True
Does 119 divide 504046652?
False
Does 1965 divide 184768950?
True
Does 12 divide 17295244?
False
Is 485955 a multiple of 233?
False
Does 1457 divide 68212369?
True
Is 77 a factor of 79413826?
False
Does 5491 divide 753069969?
False
Is 17366513 even?
False
Is 21 a factor of 533918448?
True
Is 136232544 a multiple of 2352?
True
Is 68 a factor of 103848498?
False
Is 116 a factor of 26555143?
False
Does 335 divide 31188355?
False
Is 592 a factor of 62705232?
True
Is 24 a factor of 39752640?
True
Is 3 a factor of 3485547?
True
Does 17 divide 115871902?
False
Does 11 divide 891067210?
True
Does 65 divide 6